lse
Is 1324488 a multiple of 58?
True
Is 62770554 a multiple of 2569?
False
Is 1071716408 a multiple of 452?
True
Is 17 a factor of 24189177?
False
Does 932 divide 324911159?
False
Is 1127 a factor of 30009756?
True
Does 246 divide 15327910?
False
Is 35403433 a multiple of 43?
False
Is 316 a factor of 183725560?
True
Is 11 a factor of 292294937?
True
Is 1160 a factor of 99753246?
False
Is 70 a factor of 133504603?
False
Is 78108528 a multiple of 12?
True
Is 663141406 a multiple of 1138?
False
Is 861172326 a multiple of 37?
False
Is 327 a factor of 21439428?
True
Is 33766701 a multiple of 8?
False
Is 114830631 a multiple of 211?
True
Does 335 divide 41588743?
False
Is 449190874 a multiple of 11?
True
Is 582 a factor of 231616911?
False
Does 544 divide 4593536?
True
Is 43180020 a multiple of 197?
False
Does 808 divide 494116?
False
Does 236 divide 52169452?
True
Is 3632 a factor of 2467797006?
False
Is 664 a factor of 171320632?
True
Is 59065543 a multiple of 20?
False
Does 228 divide 89035313?
False
Does 100 divide 26597600?
True
Is 10556890 a multiple of 3?
False
Is 46661488 a multiple of 11?
False
Is 661144236 a multiple of 1299?
True
Is 6 a factor of 25125340?
False
Does 1863 divide 63718326?
True
Does 1806 divide 36262674?
True
Is 26814979 a multiple of 664?
False
Is 5 a factor of 375911997?
False
Is 34 a factor of 12659512?
False
Is 130832592 a multiple of 33?
True
Is 133 a factor of 44655037?
False
Is 1788 a factor of 40269336?
True
Is 543 a factor of 1389068934?
True
Is 2653504 a multiple of 564?
False
Is 875 a factor of 9500750?
True
Is 311909403 a multiple of 164?
False
Is 610 a factor of 22817660?
True
Is 249205664 a multiple of 154?
False
Is 14 a factor of 9913806?
True
Does 1200 divide 386163100?
False
Is 37 a factor of 864947298?
True
Is 43 a factor of 11125390?
True
Is 854327988 a multiple of 978?
True
Is 28 a factor of 612247?
False
Does 5039 divide 4421592119?
False
Is 6271460010 a multiple of 10?
True
Is 45127025 a multiple of 44?
False
Does 87 divide 25208511?
True
Is 1368908244 a multiple of 65?
False
Is 145 a factor of 46023291?
False
Is 241 a factor of 2385659?
True
Is 1513335816 a multiple of 24?
True
Is 8 a factor of 156110520?
True
Is 25 a factor of 920664071?
False
Is 8 a factor of 269670078?
False
Is 297030905 a multiple of 5252?
False
Is 1649126657 a multiple of 29?
False
Is 157 a factor of 105109850?
False
Does 125 divide 18646372?
False
Does 410 divide 21795190?
True
Is 52639524 a multiple of 2842?
True
Is 259650817 a multiple of 2690?
False
Does 2117 divide 246058910?
True
Does 445 divide 271722233?
False
Is 45501983 a multiple of 71?
True
Is 3 a factor of 20441765?
False
Is 163 a factor of 50232525?
True
Is 194 a factor of 69245758?
False
Does 14 divide 508094034?
True
Does 5253 divide 1447748054?
False
Is 3760 a factor of 4106790385?
False
Is 2954 a factor of 202735974?
True
Is 77707076 a multiple of 42?
False
Is 181 a factor of 615903723?
True
Is 153443217 a multiple of 363?
False
Is 711443400 a multiple of 1317?
True
Is 189 a factor of 20872593?
True
Is 8797023 a multiple of 664?
False
Is 1675 a factor of 509211725?
True
Is 24 a factor of 932402976?
True
Does 2211 divide 52565132?
False
Is 91790256 a multiple of 4?
True
Is 158029685 a multiple of 5?
True
Is 4641 a factor of 4152811386?
False
Is 19 a factor of 13772150?
True
Does 1334 divide 37255478?
False
Is 932476755 a multiple of 9005?
True
Is 178447545 a multiple of 1503?
False
Is 1398 a factor of 361897464?
True
Is 78 a factor of 894611796?
True
Does 170 divide 4642209720?
True
Is 538070547 a multiple of 40?
False
Does 801 divide 17489034?
True
Is 360972390 a multiple of 23?
False
Does 537 divide 21144912?
True
Is 288474607 a multiple of 3?
False
Is 156538640 a multiple of 16?
True
Is 257 a factor of 53558984?
False
Is 540 a factor of 15281557?
False
Is 1088 a factor of 1835966579?
False
Is 1948555140 a multiple of 11?
False
Is 58 a factor of 66435694?
True
Is 110580304 a multiple of 152?
True
Does 34 divide 13134281?
False
Is 846 a factor of 326005324?
False
Is 4362 a factor of 587334284?
False
Is 6161605 a multiple of 19?
True
Does 28 divide 108861844?
True
Does 1474 divide 84765318?
True
Is 24 a factor of 100344048?
True
Is 271459895 a multiple of 7?
True
Does 1786 divide 963497774?
False
Does 11 divide 122495527?
True
Is 6 a factor of 70053390?
True
Does 741 divide 763326330?
True
Is 11314146 a multiple of 6?
True
Does 1894 divide 95230887?
False
Does 7130 divide 662131427?
False
Is 502763204 a multiple of 7177?
True
Is 2200 a factor of 7944236?
False
Is 66090011 a multiple of 39?
False
Is 219 a factor of 177908578?
False
Does 49 divide 72731435?
True
Is 61129669 a multiple of 53?
False
Does 293 divide 110668635?
False
Is 4406 a factor of 636905411?
False
Does 2158 divide 382904730?
True
Does 310 divide 1242979410?
True
Does 995 divide 923296504?
False
Is 41444003 a multiple of 111?
False
Is 15 a factor of 1031195255?
False
Is 5839 a factor of 228642267?
False
Is 12781422 a multiple of 138?
True
Is 158886035 a multiple of 385?
True
Is 226 a factor of 34589752?
True
Is 1932828048 a multiple of 12685?
False
Is 421745309 a multiple of 8?
False
Is 8419220 a multiple of 670?
True
Is 846438193 a multiple of 547?
True
Is 1330532200 a multiple of 357?
False
Is 6509382 a multiple of 370?
False
Does 21 divide 49843080?
True
Does 9 divide 222325123?
False
Is 11485540 a multiple of 2035?
True
Does 319 divide 2634246670?
False
Is 47 a factor of 21786380?
True
Is 1129 a factor of 558154309?
False
Is 1837670705 a multiple of 6245?
False
Is 1855 a factor of 3066682290?
True
Is 2664201545 a multiple of 941?
True
Does 61 divide 14822939?
True
Is 89707883 a multiple of 59?
False
Is 669761603 a multiple of 31?
True
Is 1059378606 a multiple of 9?
True
Is 71 a factor of 46460554?
True
Is 39351850 a multiple of 19?
True
Does 17 divide 116166270?
True
Does 189 divide 364612563?
True
Is 1074135795 a multiple of 1205?
True
Is 1671 a factor of 3965303845?
False
Is 106 a factor of 46300058?
True
Is 10 a factor of 605757160?
True
Does 9 divide 2916301293?
True
Is 1897049430 a multiple of 27?
True
Does 1339 divide 287492893?
False
Is 492635352 a multiple of 31?
False
Does 4 divide 93491908?
True
Is 43267040 a multiple of 80?
True
Is 74 a factor of 16145788?
False
Is 9 a factor of 6943983?
False
Is 73 a factor of 38557140?
True
Does 27 divide 448958619?
True
Is 713 a factor of 31314960?
True
Does 15 divide 7906162?
False
Is 128 a factor of 558138752?
True
Is 23767482 a multiple of 47?
False
Is 8817240 a multiple of 18?
False
Is 46333776 a multiple of 46?
True
Is 846731084 a multiple of 296?
False
Does 378 divide 495509147?
False
Is 3225944 a multiple of 155?
False
Is 88 a factor of 26241651?
False
Is 165 a factor of 1801478415?
True
Does 8 divide 496139388?
False
Is 3858273800 a multiple of 1658?
False
Is 51962076 a multiple of 186?
True
Is 128459938 a multiple of 193?
False
Is 104659710 a multiple of 15?
True
Is 121228032 a multiple of 384?
True
Does 283 divide 42514241?
True
Does 264 divide 122495039?
False
Is 11168788 a multiple of 458?
True
Is 598067518 a multiple of 972?
False
Is 636 a factor of 26437690?
False
Does 117 divide 265882942?
False
Does 11 divide 371479053?
True
Is 33 a factor of 38242743?
True
Is 25709480 a multiple of 40?
True
Is 151097328 a multiple of 1072?
True
Is 987660696 a multiple of 22?
True
Does 307 divide 11622795?
False
Is 15 a factor of 376061423?
False
Is 833848946 a multiple of 23?
True
Does 1740 divide 104888739?
False
Is 655927840 a multiple of 41?
True
Does 166 divide 105457443?
False
Is 2828 a factor of 882683734?
False
Does 561 divide 158212747?
False
Is 6164000 a multiple of 250?
True
Does 1329 divide 1587701325?
False
Is 70 a factor of 409336957?
False
Is 34 a factor of 313144964?
True
Is 2818097 a multiple of 19?
False
Does 179 divide 41215720?
False
Is 10 a factor of 141349880?
True
Does 2 divide 3130549?
False
Does 97 divide 17552926?
True
Is 13 a factor of 43814238?
True
Does 6345 divide 1054887975?
True
Does 11 divide 6838271?
True
Is 7 a factor of 1009171912?
True
Does 15 divide 20509393?
False
Is 81546609 a multiple of 1689?
True
Is 143593737 a multiple of 21?
True
Is 46041362 a multiple of 120?
False
Is 213284389 a multiple of 128